atest common factor of 18 and o?
18
Let y(v) = -v**3 - v**2 + v + 10. Let d be y(0). What is the greatest common factor of 90 and d?
10
Suppose 0*z + 110 = 2*z. Calculate the highest common divisor of z and 5.
5
Let p = 928 - 907. Suppose l + 23 - 128 = 0. Calculate the highest common divisor of p and l.
21
Suppose -15 = z - 6*z. Suppose -19 = -3*w - o + 123, -4*w + z*o = -185. Let q = w + -34. What is the greatest common divisor of 65 and q?
13
Let y(s) = -s**2 + 20*s + 8. Let l be y(19). Calculate the highest common factor of 54 and l.
27
Let c(a) = -a. Let m be c(-5). Suppose m*g = 3*g + 18. Let w = 12 + 87. Calculate the greatest common factor of g and w.
9
Suppose 229 = 3*b - y, -4*y - 83 = -3*b + 131. What is the highest common divisor of b and 26?
26
Let m = -33 - -48. What is the highest common factor of 60 and m?
15
Let z be 418/18 - 2/9. Suppose 5*t + z = 83. Calculate the greatest common divisor of 8 and t.
4
Let n(j) = -6*j. Let i be n(-3). Let g be 1/(-1)*(-22 + -2). Suppose d - g = -d. What is the greatest common divisor of d and i?
6
Suppose 3*n + 3 = 3*u, -3*u + 0 = -2*n - 1. Let x = 3 - n. Calculate the greatest common factor of x and 45.
5
Suppose 2*h + 8 = 4*h. Let m(c) = -c + 2. Let x be m(-4). Suppose x*k - 125 = k + 5*g, 78 = 3*k - 2*g. Calculate the highest common divisor of k and h.
4
Suppose -y + 15 = 3. Let p = 14 + 46. What is the greatest common factor of p and y?
12
Suppose 2*a - 4*o + 3*o = -1, -3*a = -2*o + 2. Suppose 0 = -z - a*z + 11. Calculate the highest common factor of 55 and z.
11
Suppose -2*a = -2*k - k + 73, 2*a - 2*k = -70. Let q = a - -149. What is the highest common divisor of q and 13?
13
Let q = 394 - 240. Calculate the greatest common factor of 14 and q.
14
Let y(p) be the first derivative of -p**4/4 + 3*p**3 - 4*p**2 - 8. Let s be y(4). What is the highest common factor of s and 6?
6
Let l = 29 + -26. Let d = 5 + -3. Suppose 8*k - 3*k - 365 = l*u, 0 = -d*k - u + 135. What is the greatest common divisor of 28 and k?
14
Suppose 4*d - 7 = 133. Let u be 4*(d/2)/1. Let c = 31 - 21. Calculate the greatest common factor of c and u.
10
Let i(u) = 5*u. Let w(b) = 4*b - 1. Let x(t) = -3*i(t) + 2*w(t). Let k be x(-2). Calculate the highest common divisor of 30 and k.
6
Let i(m) be the second derivative of 2*m**4/3 - m**3/3 - m**2/2 + m. Let x be i(-1). Let u be (-3)/x - 50/(-6). What is the greatest common factor of 1 and u?
1
Let s be (5/(-2))/(6/(-12)). Suppose -5*j + 92 + 33 = 0. What is the greatest common factor of j and s?
5
Let s be 3 - (0 - 2/(-1)). Let q(c) = -c**3 + 5*c**2 + 8*c - 11. Let k be q(6). Calculate the greatest common factor of s and k.
1
Suppose -6 = -5*t + 74. Suppose -2*g + 2*j + 7 = -j, 4*g + 41 = -5*j. Let f = g + 6. What is the highest common factor of f and t?
2
Let l(m) = -m**3 - 8*m**2 + 8*m - 12. Let c be l(-9). Let w be (-6)/(-3)*1 - c. Calculate the greatest common divisor of 5 and w.
5
Let q = 2 + 0. Suppose 0 = 4*g - 3*l - 14, g + 3*g - 18 = 5*l. Suppose -2*m + 18 = -g. Calculate the highest common divisor of q and m.
2
Suppose -38 = 5*f - 118. What is the highest common factor of 16 and f?
16
Let q(l) = 11*l**3 + 2*l**2 - 2*l - 2. Suppose -3*h - h = 8. Let i be q(h). Let g = 148 + i. Calculate the highest common factor of 10 and g.
10
Let l(p) = -27*p - 18. Let u be l(-3). Calculate the highest common factor of 9 and u.
9
Let i(j) = 2*j**2 + 14*j + 4. Let l be i(-6). Let s be (-4)/10 + (-201)/(-15). Let x = s + l. Calculate the greatest common divisor of 50 and x.
5
Suppose 4*x - 7*x = -48. Calculate the greatest common factor of 24 and x.
8
Suppose 3*s = 5*p + 18 + 41, 3*s - 63 = 3*p. Calculate the highest common divisor of s and 23.
23
Suppose 3*j - 8*w = -7*w + 334, 5*j = -3*w + 538. What is the greatest common factor of 10 and j?
10
Suppose 0 = -2*j + 4*t + 72, -2*t = 5*j - 23 - 97. Calculate the highest common factor of j and 13.
13
Let k = 4 - 3. Let p(h) = -3*h - 1 + 4*h**3 - k + 6 + 2*h**2. Let g be p(3). Calculate the highest common divisor of 11 and g.
11
Let z be 2/(-6) - 16/(-3). Let p = -27 + 32. What is the highest common factor of z and p?
5
Let s(n) = n**2 + 2*n - 4. Let i be s(-6). What is the greatest common factor of 60 and i?
20
Let j(t) = -5*t - 7. Let s be j(-3). What is the greatest common factor of s and 64?
8
Suppose -4*l + 12 = 0, v - l + 3*l - 14 = 0. What is the highest common divisor of 88 and v?
8
Suppose 4*c - 4*n - 12 = 0, 2*n + 29 = 4*c + 7. Let x(p) = 6*p + 6. Let r be x(c). Calculate the highest common factor of r and 6.
6
Suppose 5*a - 4*s = 134, -4*a = 2*s - 23 - 79. Calculate the highest common factor of a and 39.
13
Suppose 3*c + 12 = 3*i, 0 = -i + 4*i + 5*c - 28. Suppose -15 = -w + i. What is the greatest common factor of w and 14?
7
Let s = -4 - -25. Calculate the greatest common factor of 3 and s.
3
Suppose 0 = -2*m + 31 - 11. What is the highest common factor of m and 10?
10
Suppose 14*g - 99 = 5*g. Suppose -76 = -3*n + 23. What is the greatest common factor of g and n?
11
Let x be 0 + 0/(2 - -1). Suppose x = -i + d, -5*d + 19 = 3*i - 13. Suppose 3*m - 12 = -0*m. Calculate the highest common divisor of i and m.
4
Let x = 1 - 31. Let t = 90 + x. What is the highest common factor of t and 20?
20
Suppose -17*c + 96 = -15*c. Calculate the greatest common factor of c and 36.
12
Let x be (2 + (-248)/(-6))*(-72)/(-30). What is the greatest common factor of 13 and x?
13
Let t(q) = q**2 - 18*q + 75. Let o be t(12). Let n be (9/(-2))/((-3)/8). What is the greatest common factor of n and o?
3
Suppose 0 = -5*g + i + 363, -5*i - 136 = -2*g + 23. Calculate the highest common divisor of 8 and g.
8
Suppose 52 = 3*w - 89. Let b = w - 15. Calculate the highest common factor of b and 8.
8
Suppose -40 = -5*h + 5*w, 2*w - 4*w = -8. Let j be (h/(-9))/(2/(-9)). What is the greatest common factor of j and 48?
6
Suppose -3*n + n = -10. Let i = -168 + 1034. Suppose n*g - i = 14. Calculate the greatest common factor of g and 16.
16
Let a(f) = -f**2 + 9*f - 10. Let l be a(5). Let q be ((-2)/5)/((-2)/1370). Let i be (-2)/9 - q/(-18). Calculate the greatest common divisor of i and l.
5
Let j = 8 - -67. Suppose -3*g - 4*v + 49 = 0, -2*v = 2 - 4. What is the highest common factor of g and j?
15
Let y = -3 + -3. Let g be -5*((-6)/(-5))/1. Let c be 27/y*4/g. Calculate the highest common divisor of c and 21.
3
Let j be (-1)/(-4) + 120/32. Suppose -2 = w + 1, -h = j*w - 3. What is the greatest common factor of h and 3?
3
Suppose -4*a + 302 = 3*r, -30 = -3*a - 2*r + 196. Suppose -2*v = 2*j - 24 - a, 4*v - 3*j - 189 = 0. What is the greatest common divisor of v and 12?
12
Suppose -y = 2*u - 0 + 2, -u = -y + 4. Let m = -36 + 53. Let x = -12 + m. Calculate the greatest common factor of x and y.
1
Let n(l) = l + 22. Let s = 19 - 28. Let i be n(s). Calculate the highest common factor of 65 and i.
13
Suppose -2*g - 2 = -3*g. Suppose -24 = -2*w + g*q, 4*w = 3*w - 3*q + 4. Suppose w*l - 6*l - 252 = 0. Calculate the greatest common divisor of 7 and l.
7
Suppose -726 = -4*a - 2*a. Calculate the highest common factor of 11 and a.
11
Suppose -3*r - 2*r + 95 = 0. Let z = r + -7. Suppose 6 = l + 3. What is the greatest common factor of z and l?
3
Let r be 424/12 + ((-8)/6 - -2). Calculate the highest common factor of 324 and r.
36
Let k(v) = -v**3 - v**2 + v + 51. Let r(w) = -w - 10. Let s be r(-10). Let f be k(s). Calculate the highest common divisor of 34 and f.
17
Let v(f) = f**3 + 14*f**2 + 13*f + 4. Let t be v(-13). Suppose -230 = -t*k + 5*j, 8 = -4*j - 0*j. What is the greatest common factor of 11 and k?
11
Let l = 24 + -12. Let a be 1/(1/(-3)) - -30. Suppose 3 + a = 5*i. What is the highest common factor of i and l?
6
Let a = -96 + 173. What is the highest common divisor of a and 7?
7
Let n be (-1)/(2 - (-15)/(-9)). Let a be (-21)/(-9) + (-2)/n. Suppose 3*w - 5*d = 10, 8 = w + a*d - 0*d. What is the greatest common factor of 5 and w?
5
Let r(h) = 2*h**2 + 14*h - 16. Let w be r(-9). What is the highest common factor of w and 30?
10
Let u(r) = r**2 + 6*r - 2. Let d be u(-5). Let p = d + 122. Suppose 3*m - 5*g - 277 = 0, m + 6*g = 2*g + p. What is the greatest common factor of m and 9?
9
Let u = -46 - -148. Calculate the highest common factor of u and 68.
34
Let z = -1 + 